alculate c(12).
13
Let c(m) = -m**3 + m**2 + 10*m - 2. Calculate c(4).
-10
Let c(n) = n**3 + 7*n**2 - 8*n - 9. What is c(-8)?
-9
Let z(n) = -2*n**2 + 8*n. What is z(0)?
0
Let a(z) = -z**2 + 6*z - 4. What is a(4)?
4
Let v(p) = 5*p - 87. Give v(16).
-7
Let b(s) = -s**2 + 8. Give b(-4).
-8
Let p(g) = 19*g**2 - 12*g - 23. Give p(-2).
77
Let j(w) = w**2 + 14*w - 21. Calculate j(-15).
-6
Let u(a) = -10*a - 55. Determine u(-11).
55
Let t(d) = d**2 - 3*d - 4. Determine t(7).
24
Let c(p) = 8*p - 53. Give c(8).
11
Let u(r) = r**2 + 49*r - 118. Calculate u(-51).
-16
Let x(w) = -w**2 - 15*w - 10. Calculate x(-14).
4
Let s(b) = -2*b**3 + 5*b**2 + 19*b + 7. Determine s(-2).
5
Let l(t) = -t**2 + 6*t + 48. Determine l(-5).
-7
Let a(j) = -j**2 + 8*j - 2. What is a(7)?
5
Let z(l) = l**2 + 14*l - 11. What is z(-14)?
-11
Let w(s) = 9*s + 93. Give w(-11).
-6
Let w(l) = -l**2 - 16*l - 10. What is w(-7)?
53
Let j(a) = 9*a + 88. Give j(-10).
-2
Let c(w) = 3*w + 9. Give c(-4).
-3
Let a(b) = -b**3 + 42*b**2 - 40*b - 50. Calculate a(41).
-9
Let b(y) = y**2 + 149*y - 1421. Calculate b(9).
1
Let s(q) = 6*q**2 + 9*q. Calculate s(-2).
6
Let b(y) = -y**3 - y**2 - 2*y + 6. Calculate b(0).
6
Let s(h) = 6*h - 20. Calculate s(6).
16
Let s(l) = 4*l + 28. Give s(-7).
0
Let s(z) = 30*z**2 + 211*z + 12. Calculate s(-7).
5
Let y(o) = 25*o - 10. What is y(-1)?
-35
Let h(y) = -y**2 + 10*y - 13. Calculate h(6).
11
Let v(x) = 19*x - 7. Determine v(-3).
-64
Let q(t) = -12*t + 16. Calculate q(4).
-32
Let i(u) = u**3 - 10*u**2 + 13*u + 6. Determine i(6).
-60
Let j(t) = -t**2 - 16*t + 20. Calculate j(1).
3
Let i(m) = -6*m**2 - 3*m - 8. Calculate i(-4).
-92
Let b(g) = -2*g**2 - 4*g + 2. Give b(-6).
-46
Let f(p) = -p**2 - 5*p + 2. Give f(4).
-34
Let u(l) = -l**3 + 4*l**2 + 2*l + 5. Give u(5).
-10
Let h(i) = -i**2 + 4*i + 7. Calculate h(-5).
-38
Let m(z) = 71*z. Calculate m(-1).
-71
Let r(k) = -169*k - 1681. Calculate r(-10).
9
Let o(i) = 6*i - 7. Determine o(-1).
-13
Let k(l) = l**2 + 25*l - 146. What is k(5)?
4
Let g(w) = -2*w**2 + 16*w - 44. Calculate g(4).
-12
Let j(s) = 2*s**2 + 17*s - 1. Determine j(-9).
8
Let h(i) = 10*i + 86. What is h(-8)?
6
Let g(d) = -4*d + 27. Determine g(-8).
59
Let v(r) = r**3 - 7*r**2 + 6*r + 2. Give v(6).
2
Let m(c) = -c + 9. Calculate m(5).
4
Let z(w) = w**2 - 2*w - 97. What is z(-6)?
-49
Let k(h) = -6*h**3 - h**2 + 2. What is k(-1)?
7
Let y(l) = l**2 - 17*l. What is y(20)?
60
Let h(g) = -2*g**2 - 5*g - 3. Determine h(-3).
-6
Let v(h) = 11*h + 206. Determine v(-13).
63
Let w(d) = d**2 + 4*d - 35. Determine w(-9).
10
Let o(v) = -5*v + 28. What is o(6)?
-2
Let x(m) = -m**3 + 11*m**2 - 14*m + 24. What is x(10)?
-16
Let z(w) = -w**2 + w + 10. What is z(6)?
-20
Let i(g) = -3*g**3 + 4*g**2 + g + 3. What is i(3)?
-39
Let p(d) = d**2 + 14*d - 5. Determine p(-6).
-53
Let k(c) = c**2 - 14*c + 8. What is k(9)?
-37
Let c(y) = -6*y + 9. What is c(4)?
-15
Let y(o) = -9*o + 92. Give y(11).
-7
Let d(r) = r**2 - 3*r - 11. Calculate d(4).
-7
Let u(n) = 24*n + 6. Calculate u(1).
30
Let d(h) = 9*h + 56. Determine d(-7).
-7
Let f(s) = 4*s**2 + 3*s + 2. Determine f(-1).
3
Let y(o) = o**2 + 74*o + 150. Determine y(-72).
6
Let n(x) = x**2 + 3*x - 8. Determine n(-5).
2
Let l(s) = -2*s**3 + 14*s**2 - 5*s - 11. What is l(7)?
-46
Let z(f) = -f**2 + 7*f + 2. What is z(7)?
2
Let h(a) = a**3 + 6*a**2 - 2*a - 12. What is h(-6)?
0
Let q(n) = 34*n - 27. Calculate q(1).
7
Let o(u) = u**2 + 2*u - 19. Determine o(0).
-19
Let f(i) = 93*i + 482. Calculate f(-5).
17
Let d(a) = 6*a**3 - 44*a**2 + 6*a + 56. Give d(7).
0
Let i(u) = -u**2 + 13*u - 37. Calculate i(7).
5
Let k(f) = -14*f - 631. Calculate k(-44).
-15
Let h(p) = -2*p**2 - 8*p + 7. Calculate h(-9).
-83
Let p(n) = n + 16. Calculate p(-5).
11
Let j(a) = -2*a**2 + 8*a + 6. Determine j(6).
-18
Let t(g) = g - 14. What is t(14)?
0
Let p(w) = w**3 + 4*w**2 - 14*w - 17. Determine p(-6).
-5
Let b(t) = t - 15. Give b(13).
-2
Let m(w) = 84*w + 167. Give m(-2).
-1
Let h(i) = -i**3 - i**2 - 3*i - 2. Calculate h(-1).
1
Let k(v) = -2*v**2 + 50*v - 39. Determine k(24).
9
Let s(z) = z**3 + 15*z**2 + 19*z + 1. Determine s(-13).
92
Let r(j) = -j - 28. Calculate r(-16).
-12
Let y(x) = -13*x + 4. Determine y(1).
-9
Let s(z) = -z**3 - 4*z**2 - 2*z + 4. What is s(-2)?
0
Let z(t) = t**3 - 9*t**2 + t + 26. Calculate z(8).
-30
Let o(m) = -m**2 - 21*m + 45. Calculate o(-23).
-1
Let w(q) = q**3 + 3*q**2 - 14*q - 53. Determine w(-4).
-13
Let s(q) = q**2 + 17*q + 77. Determine s(-7).
7
Let g(a) = 5*a - 25. Give g(6).
5
Let d(h) = h**3 - 2*h**2 + 2*h - 5. What is d(4)?
35
Let n(b) = -2*b**3 + 3*b**2 - 9*b + 13. What is n(2)?
-9
Let p(g) = g**2 - 12*g + 7. Determine p(6).
-29
Let m(g) = -g - 7. What is m(-5)?
-2
Let m(i) = 2*i**3 + 2*i**2 - 8*i - 3. Calculate m(-2).
5
Let o(j) = -j**2 - 7*j - 1. What is o(-8)?
-9
Let r(z) = -z**2 + 13*z - 18. Calculate r(11).
4
Let i(c) = c**3 + 9*c**2 + 10*c + 25. Give i(-8).
9
Let w(i) = 86*i**3 - 2*i**2 - 2*i - 1. Calculate w(-1).
-87
Let o(q) = q**3 + 21*q**2 - 20*q + 51. What is o(-22)?
7
Let a(y) = 3*y + 16. Determine a(-4).
4
Let v(u) = -3*u + 66. Give v(36).
-42
Let y(d) = 32*d**2 + 2*d - 2. Give y(1).
32
Let p(d) = d**3 - 16*d**2 + 16*d - 50. Calculate p(15).
-35
Let l(f) = f**3 + 24*f**2 - 28*f - 51. Determine l(-25).
24
Let j(r) = -17*r - 72. Determine j(-7).
47
Let f(j) = 2*j - 9. Calculate f(6).
3
Let s(p) = -7*p + 6. What is s(6)?
-36
Let c(k) = 3*k**3 - 39*k**2 - 14. Give c(13).
-14
Let j(l) = -2*l**2 - 15*l - 46. Calculate j(-12).
-154
Let l(t) = 5*t + 9. Determine l(-7).
-26
Let x(t) = -4*t + 5. Calculate x(-10).
45
Let k(j) = -j + 2. Determine k(2).
0
Let f(m) = -2*m**2 + 47*m + 6. Determine f(25).
-69
Let f(s) = -260*s - 515. Determine f(-2).
5
Let q(y) = 25*y**3 - y + 2. Calculate q(1).
26
Let v(f) = -f**3 - 2*f**2 + 101*f - 25. Determine v(9).
-7
Let b(o) = o**3 - 6*o**2 + 8*o + 5. What is b(2)?
5
Let w(c) = 2*c - 10. What is w(5)?
0
Let q(k) = 66*k**2 - k - 2. What is q(-1)?
65
Let g(x) = x**2 + 27*x + 100. Give g(-22).
-10
Let v(q) = -q**3 - 5*q**2 - 2*q. Give v(-3).
-12
Let c(r) = -28*r + 40. Determine c(5).
-100
Let x(j) = -j**2 - 1. Calculate x(0).
-1
Let n(r) = -r**3 - 7*r**2 + 5*r + 10. Give n(-7).
-25
Let z(y) = -40*y + 5. Calculate z(-2).
85
Let i(r) = -r**2 - 11*r - 10. Calculate i(-8).
14
Let b(j) = -j**3 + 2*j**2 + 38*j. What is b(-5)?
-15
Let o(c) = c**2 - 7*c + 18. Calculate o(6).
12
Let n(o) = -o**3 + 4*o + 1. Determine n(3).
-14
Let f(r) = -r + 18. What is f(13)?
5
Let k(j) = -j. Give k(5).
-5
Let i(k) = k**3 - 2*k**2 + 2*k. What is i(2)?
4
Let x(b) = 3*b**2 + 28*b - 9. What is x(-9)?
-18
Let h(l) = -5*l**2 + 33*l - 6. What is h(6)?
12
Let l(n) = -n**2 + 4. What is l(5)?
-21
Let y(i) = -i**2 - i - 1. What is y(3)?
-13
Let r(b) = -b**2 + 17*b - 14. What is r(15)?
16
Let t(j) = j**2 + 8*j + 10. What is t(-5)?
-5
Let p(w) = -w**2 - 3*w + 8. Calculate p(2).
-2
Let u(n) = 127*n + 762. What is u(-6)?
0
Let i(f) = -18*f + 386. What is i(22)?
-10
Let p(k) = k**3 - 2*k**2 - 3*k + 3. What is p(-3)?
-33
Let t(l) = -11*l + 39. Determine t(5).
-16
Let s(t) = 2*t + 14. Calculate s(-5).
4
Let a(i) = -3*i - 53. Determine a(-27).
28
Let p(r) = -4*r**3 + r**2 + 3*r + 2. Determine p(-2).
32
Let n(f) = -25*f - 849. What is n(-34)?
1
Let p(g) = 12*g + 44. Give p(-4).
-4
Let k(j) = -21*j**2 - j - 1. Give k(-1).
-21
Let y(u) = u**2 + 6*u + 3. Determine y(-4).
-5
Let a(t) = -t**2 + 35. Calculate a(-5).
10
Let v(p) = 4*p + 37. What is v(-4)?
21
Let n(i) = i + 34. Determine n(-8).
26
Let m(r) = r**3 - 10*r**2 + r - 20. Calculate m(10).
-10
Let n(r) = r + 7. Calculate n(-3).
4
Let k(x) = -2*x**3 - 5*x**2 + 3*x + 1. Calculate k(-4).
37
Let v(m) = 20*m - 5. Give v(2).
35
Let k(d) = d**2 + 11*d + 44. Give k(-6).
14
Let b(d) = d**3 - 8*d**2 + 7*d - 13. What is b(7)?
-13
Let n(b) = -b - 3. Calculate n(-2).
-1
Let q(k) = -2*k**2 - 18*k + 44. Determine q(-11).
0
Let t(c) = c**2 + 26*c + 129. Determine t(-6).
9
Let i(r) = r**2 - 8*r + 24. Calculate i(4).
8
Let p(c) = -2*c**2 + 73*c + 206. Determine p(39).
11
Let t(m) = -m**2 + 13*m + 4. Determine t(6).
46
Let j(a) = a + 10. Give j(-10).
0
Let k(d) = -6*d + 14. What is k(0)?
14
Let n(f) = -f**3 + 60*f**2 + 65*f - 236. Calculate n(61).
8
Let w(s) = -s**3 + 14*s**2 + 18*s + 20. Calculat